b**2 + 5*b + 1. Let y be k(-5). Suppose -4*z - y + 13 = 0. List the prime factors of (51/(-9) + z)*-6.
2
Let i(w) = -7*w**3 - w + 2. List the prime factors of i(-2).
2, 3, 5
Suppose 2*s - 6 = -s. Suppose 0 = 2*q + 5*q - 252. Suppose -3*t = s*t - 5, q = 2*b + 4*t. List the prime factors of b.
2
Suppose 5*f + 3*w = 4*f + 26, -5*f - 5*w + 140 = 0. Let b = 42 - f. List the prime factors of b.
13
Suppose 5*t - 278 = 3*l, -5*t = 2*l - 36 - 237. What are the prime factors of t?
5, 11
Let m be 3/(-9) + (-5)/3. Suppose -30 = 3*x + h - 9, -2*h = -x. Let z = m - x. What are the prime factors of z?
2
Let g be 130/3 + (-2)/(-3). List the prime factors of 1/1*g/4.
11
Suppose -40 = 4*b - 5*z, -3*z = 4*b - 7*z + 36. Let m = b - -15. What are the prime factors of m?
2, 5
Let h(d) = d**3 + 5*d**2 + 4*d - 1. Let o be h(-3). Let n(b) = b - 5. Let m be n(5). Suppose o = u - m. What are the prime factors of u?
5
Suppose -r = 5*g - 41, -2*r + 29 + 9 = -g. List the prime factors of r.
3, 7
Let b be (-6)/(-4) + 90/4. Let f be (-1)/((-9)/b)*3. Let m(x) = x**2 - 7*x - 6. List the prime factors of m(f).
2
What are the prime factors of (6/(-5))/((-9)/120)?
2
Let k = 10 + -7. Let g(x) = -12*x**2 + 6*x**2 + 4 - 2*x + 7*x**2. What are the prime factors of g(k)?
7
Suppose 0 = 2*m + 3 - 33. What are the prime factors of m?
3, 5
Let v = 59 - -16. List the prime factors of v.
3, 5
Let q = 41 - -126. What are the prime factors of q?
167
List the prime factors of 2 + 1 + -2 + 0 + 111.
2, 7
Suppose -7*t - 153 = -10*t. What are the prime factors of t?
3, 17
Suppose -i - 1 = -5. Let j = 2 - 1. What are the prime factors of (i - 22)/(-1 - j)?
3
Suppose h = -h + 2. Let k = h - -2. What are the prime factors of (-14)/k*6/(-4)?
7
Let o = -249 - -367. What are the prime factors of o?
2, 59
Let n(s) = 7*s**3 + s**2 + 2*s + 1. Let w be n(2). Suppose -w = -5*o - 20. List the prime factors of (2/(-1) + o)*1.
7
Let j be ((-4)/(-12))/(1/9). Suppose j*c + 20 - 50 = 0. What are the prime factors of c?
2, 5
Suppose z = 6*z - 5. Let h = 8 + z. List the prime factors of h.
3
Let o(t) = -3*t**3 - t**2 + 2*t - 1. List the prime factors of o(-2).
3, 5
Let k be 0 + 1 - 25 - 3. What are the prime factors of k*(6/9 + -1)?
3
Suppose -13 = -4*z + 39. What are the prime factors of z?
13
Let n be (9 + 1)/((-2)/1). What are the prime factors of 6/15 - 63/n?
13
What are the prime factors of (((-12)/15)/(1/515))/(-2)?
2, 103
Let v be (-4)/10 + (-184)/(-10). Let t be 559/65 - (-2)/5. Let o = v - t. List the prime factors of o.
3
Suppose -5*r = 5*t - 280, 282 = 4*r + r + 4*t. What are the prime factors of r?
2, 29
Suppose 2*d + 3*d - 50 = 0. Suppose -x - d + 33 = 0. What are the prime factors of x?
23
Let n(l) = -l**3 + 7*l**2 - 6*l - 7. Let k be n(5). Let r = 7 - k. Let c(s) = s**3 + 7*s**2 + 4*s - 6. List the prime factors of c(r).
2, 3
Let x(z) = 76*z - 3. What are the prime factors of x(3)?
3, 5
Let z = 68 - -13. Suppose n + 2*n - z = 0. List the prime factors of n.
3
Let z(b) = -b - 1. Let c be z(-2). What are the prime factors of -90*(-4)/10*c?
2, 3
Let x(l) = 6*l**2 - 13*l + 5. What are the prime factors of x(6)?
11, 13
Suppose 514 = 4*d - 2*o, 0 = -0*d + 3*d + 4*o - 413. What are the prime factors of d?
131
Let u(q) = q**2 + 3*q + 2. Let b be u(-4). Let x(z) = -b*z - 4*z + 4*z - z**2 + z + 4. What are the prime factors of x(-4)?
2
Let c = 39 - 26. Let x = c - 34. List the prime factors of (-279)/x - 4/14.
13
Suppose 0 = -2*z + 3*t + 104, -4*z + z + 156 = 4*t. List the prime factors of z.
2, 13
Let t = -29 + 68. Let l = t + -23. What are the prime factors of l?
2
Suppose -325 = -5*o - 3*i + 70, 0 = 2*i + 10. List the prime factors of o.
2, 41
Let j = 297 + -1249. List the prime factors of 2/5 - j/20.
2, 3
What are the prime factors of (123/(-2))/((-21)/28)?
2, 41
Suppose 8*l = 7*l + 40. Let c = l + -24. List the prime factors of c.
2
List the prime factors of (-10819)/(-93) + (-4)/(-6).
3, 13
Let u = 62 - 37. Let k = -4 + 6. Suppose -8 = -k*f - 2*x, x - u = -6*f + 2*f. List the prime factors of f.
7
Suppose 198 = -2*o + 4*q, o + 0*q - 4*q = -109. Let k = -60 - o. List the prime factors of k.
29
Let t = 20 - 20. Suppose 3*w + 2*f = -t*f + 153, 2*f = 4*w - 218. What are the prime factors of w?
53
Suppose -6*h + 2*b + 161 = -h, 0 = 4*h + 2*b - 136. Suppose -5*w + h = -7. List the prime factors of w.
2
Suppose w - 2*w - 25 = 0. Let l = w + 33. What are the prime factors of l?
2
What are the prime factors of (-223)/(-5) - 2/(-5)?
3, 5
Suppose 0 = 2*h + 3*h - 5. Let y = 2 + h. What are the prime factors of 24 + 1 - 3 - y?
19
Suppose 4*d = 30 + 18. Let b = 43 - d. List the prime factors of b.
31
Suppose -5*s + 0 + 5 = 0. Let b(g) = g**3 - 3*g**2 + 1. Let w be b(s). Let u = 8 + w. What are the prime factors of u?
7
Suppose 4*f - 30 = -5*u + 258, -u = -2*f + 158. List the prime factors of f.
7, 11
Suppose 6*j = 4*j - 10, w - j = 7. Suppose -5*a - 26 = -3*x, -w*a - 17 = -4*x + 13. What are the prime factors of x?
7
Let r be (-6)/(-2)*(-4)/(-6). Let c be ((-8)/12)/(r/(-15)). Suppose -33 = -7*k + 4*k - 2*m, 5*k = c*m + 55. What are the prime factors of k?
11
Let q = 45 - 23. List the prime factors of q.
2, 11
Suppose 5*o + 4*b - 36 = 0, 0 = 3*o - 2*b - 3*b - 29. Suppose -96 = -o*u + 5*u. What are the prime factors of u?
2
Suppose -z - 5 = -2*f - 2*f, 2*z + 5 = 3*f. Suppose f = -g + 19. Suppose -2*c - c = 3*o - g, 2*o - 4*c - 42 = 0. List the prime factors of o.
11
Let l(n) = -n**2 + 8*n + 11. Let z be l(9). Let c be (1 + 4)*8/10. Suppose -t + z = -3*y - 0, -y = -c*t + 19. List the prime factors of t.
5
Let m = -57 - -93. List the prime factors of m.
2, 3
Let k(h) = 2*h - 4. What are the prime factors of k(16)?
2, 7
Suppose -3*j = 2*j - 25. Suppose 1 = -4*z + j. Suppose 3*r + z = 13. List the prime factors of r.
2
Let j be ((-2)/4)/(1/(-2)). Let t(s) = -s**2 - 4. Let m(z) = 5. Let b(a) = -3*m(a) - 4*t(a). List the prime factors of b(j).
5
Suppose -f + 0 = -4. Suppose 59 = 5*t + 4*p - 2*p, f*t = -3*p + 43. What are the prime factors of t?
13
Suppose 3*l + 0*l - 15 = 0. Suppose -l*m = -2*c - 4 + 24, c = -m + 10. List the prime factors of c.
2, 5
Let z = -50 - -29. Let k = 65 + z. Suppose -m + 7 = 2*v, -4*v + k = -2*m - 2*m. List the prime factors of v.
2, 3
Suppose 3*d = 3*k, -5*k - 2 - 2 = -3*d. Let y be k - (-1 - 0/1). List the prime factors of 1 - 4*(y + -1).
3
Let h be 3 - (2 - 0 - 2). Suppose -h*c = 4*z, -15 - 4 = -5*z + c. Suppose 0 = 5*d + z*n - 31, -4*d + 2*n + 8 = -30. List the prime factors of d.
2
What are the prime factors of (-350)/(-8) - (-2)/8*1?
2, 11
Let f(a) = -287*a + 7. List the prime factors of f(-1).
2, 3, 7
Suppose n = 3*a + 74, n + 0*a - 4*a - 70 = 0. What are the prime factors of n?
2, 43
Let y be 3/(-2)*(-20)/6. Suppose y*u - 64 = u. List the prime factors of u.
2
Suppose h + 5 = 27. Suppose -3*k + h = -5*j, 5*k - k + 2*j = 38. List the prime factors of k.
3
Let b = -10 - -12. Suppose -4*a + 13 + 3 = 0. Let h = a + b. What are the prime factors of h?
2, 3
Let k = -5 - 19. Let s = -13 - k. List the prime factors of s.
11
Let x(k) = 4*k**2 - k**3 - 9*k - 2 + 4*k**2 + 0 - 7. Let l be x(7). Let m = -12 - l. List the prime factors of m.
11
Let c = 3 + -1. Suppose -3*q + 1 = k, 0 = k + q - c*q - 17. What are the prime factors of k?
13
Let k be (5/(-10))/(1/2). Let s(f) = -4*f + 2*f + 3 - 5*f**3 - 4. List the prime factors of s(k).
2, 3
Suppose 2*u + 77 = 103. List the prime factors of u.
13
Let g(w) = -w**3 - 5*w**2 + 4*w + 7. List the prime factors of g(-7).
7, 11
Let h(j) = j + 9. Let y be h(-4). Let t = 18 + -9. Let q = t - y. What are the prime factors of q?
2
Let n(x) be the second derivative of -x**5/20 - x**4/12 - x**2 - x. Let y be -3*(7/(-3) + 3). What are the prime factors of n(y)?
2
Suppose -4*t - 2*v + 234 = 0, t = -5*v + 51 - 6. What are the prime factors of t?
2, 3, 5
Let q(m) = -16*m - 18. List the prime factors of q(-6).
2, 3, 13
Let h(m) = m**3 + 9*m**2 + 8*m + 8. Let p = -12 + 4. Let v be h(p). Suppose 3*f = -2 + v. What are the prime factors of f?
2
Let t be (-5 - (2 + -1))*-1. Suppose -4*d - 3*m + 80 = 0, 2*d - t*d = -5*m - 112. List the prime factors of d.
23
Suppose -5*p + 10 = -5*d, 4*p = -4*d - p - 53. What are the prime factors of -2 + 43 - (5 + d)?
43
Let u(n) = n**3 + 7*